2 - -5).
20
Evaluate (-26 + -63 - (-17 + 3)) + 18.
-57
What is 4 + (-108 - -8) + -7 - 8?
-111
What is the value of -12 + -1 + (-14 + (-7 - -9) - -19)?
-6
Evaluate -5 + -3 + -5 + 11 + (-1 - -5) + 98.
100
(24 + -31 + 27 - 13) + -21
-14
Calculate (-12 - (3 - (17 + 8))) + -16.
-6
(-2 - (9 - 1)) + (32 + 133 - 142)
13
Calculate 48 - (-55 + -21 + 77 + 6 + -1).
42
What is the value of 28 + 3 - (3 + (-5 - -13))?
20
What is 22 - (2 + -3 + -11 + 16 + 5)?
13
What is (-5 - 6) + (32 - (8 + -39))?
52
What is 21 - 1 - ((-123 - -19) + 70)?
54
What is the value of (147 - (36 + 15)) + -50?
46
What is the value of -2 + 9 - 6 - (58 - 39)?
-18
Evaluate 362 - 382 - (-81 + -8 + 4).
65
Calculate 18 + (16 - (14 + 29)) - 30.
-39
Calculate 4 - (-10 - ((25 - -14) + -14)).
39
Calculate (-33 - -20) + (64 + -47 - (64 + 2)).
-62
What is the value of ((1 - 2) + -2 - -24) + (65 - 117) + 59?
28
What is -28 - -20 - (42 + (3 - 0)) - (-3 - 0)?
-50
What is the value of (2 - -82) + (4 - 2) + 7 + -27 + 10?
76
Evaluate (4 + -10 - 4) + 25 + -17 + 33.
31
What is -2 - (3 + -11 + 14 + -5) - 4?
-7
What is the value of (39 - (9 + -1)) + 1 - (5 + (-12 - 5))?
44
Evaluate -23762 - -23688 - (1 + -22).
-53
Calculate -20 + 75 + (-31 - (-44 + 36)).
32
-131 - ((16 - 32) + -57)
-58
What is -20 - (-27 - (-7 - -1)) - (-64 + -2)?
67
51 + -161 + (101 - 35)
-44
Calculate (-137 - -121) + (5 - (51 - (0 + 4))).
-58
14 - 0 - (17 + (48 - (61 - 24)))
-14
(1 - 1) + -12 + -2762 + 2789
15
What is -7 + (-19 - -4 - -26) + 0 + -46?
-42
Calculate (-4 - 72) + 68 + 4 + 2 + -62.
-64
-33 - (57 - 46) - -19
-25
What is the value of -19 + (-20 - -38) + 0 + 28?
27
What is 4 - (-32 - (-34 + 15 + 9 + (-3 - 0)))?
23
What is the value of (0 + 1 - 0 - 5) + (-110 + 22 - -62)?
-30
Calculate 57 + 1 - ((49 - -71) + -150).
88
Evaluate (48 - (47 - 20)) + -3.
18
6 - (3 + (10 - 17 - 20))
30
Calculate -7 + (28 - 9) + -2 + -8 + 1 - 42.
-39
What is the value of 3 - -31 - -2 - (-14 + 17) - (2 + -2)?
33
Evaluate 19 - (24 + (-15 - -22)) - (-1 + 22).
-33
Calculate (-10 - -40) + 21 - 23.
28
What is -1172 + 1078 + (-6 - -55)?
-45
Calculate (-6 - 21) + 18 + 3 + -5 + 14 + 10.
13
Calculate (-1 - 41) + (8 - (87 + -65)) + 2 + -5.
-59
What is the value of -58 - (-32 - -63) - -44?
-45
Calculate ((25 - 15) + 45 - (1 + 0 - -1)) + 8.
61
Evaluate 37 + -6 + 3 - 4.
30
Evaluate -7 + (-3 - -7 - -28) + -102.
-77
What is the value of 553 - 592 - (-6 + 8)?
-41
27 + (33 - 32) + 5 + (-2 - -10)
41
Calculate (7 - (-2 + 5)) + (-5 - 2) - (7 - 39).
29
What is -74 + (0 - -4) + (27 - 10)?
-53
What is 0 - ((-17 - -34) + (5 - 16)) - 25?
-31
What is the value of 19 - 28 - (-87 + 8)?
70
Calculate (-21 - -92) + 2 + 13 + (18 - 43).
61
What is -37 - (2 + -1) - (-61 + 79 + -24)?
-32
What is 24 - -1 - (75 - 10 - 120)?
80
What is 0 + 15 - ((9 - -24) + -8 + 35)?
-45
Calculate -3 + (-60 - (-6 - (-9 - (-13 + 6)))) + 3.
-56
(-85 - -24) + 162 - 70
31
What is -17 - 2 - (244 - (109 - -18))?
-136
What is the value of (2 - -6) + (195 - 193) + -3 + -2?
5
Calculate (29 - (12 + 8)) + (33 - 1) - -2 - 7.
36
Calculate 995 - 982 - (-26 + (-2 - -4)).
37
Calculate 10 + -2 - (-19 + 3 + 18 + -11).
17
What is the value of 14 - 0 - (13 - (93 - 47))?
47
What is 15 - (9 + 7 - 13) - 9?
3
What is 6 + (-2 - (-3 - (6 - 13))) - 19?
-19
Calculate -318 - -350 - (64 + 6 + -2).
-36
Evaluate -47 + (131 - 41 - 48).
-5
Calculate (11 - 12 - -24) + (-8 - -7) + -10.
12
What is (147 - 154) + (-3 - (2 - 7) - -20)?
15
Evaluate 55 - ((63 - 56) + 0).
48
Calculate -6 + 18 + -33 - (27 + -12).
-36
-1 + 5 + (-11 - (-54 - (18 - 20)))
45
-2989 + 3009 + -94 + (1 - (-3 + 1))
-71
Evaluate (7 - 0) + 4 - (37 + (-114 - 12)).
100
What is the value of (-4 - 3) + (0 - -4) + (-17 - -14 - -49)?
43
What is -1 + 18 + (-2 + -61 - -111) + -9?
56
What is the value of (-30 - -3) + (-10 - -11)?
-26
Calculate 2 - ((-9 - -13) + -2) - -68 - (3 - 3).
68
What is the value of 1 + (-1 - 1 - 70) + (96 - 92)?
-67
Evaluate -25 - ((-17 + 33 + -1 - 7) + 8).
-41
Evaluate 72 + (27 - (-3 - -32)).
70
What is 1 + 6 + (50 - (4 + -30 - -20))?
63
(-15 - 53) + 61 - (21 - (3 - 6))
-31
What is the value of 24 + (74 - 29) + -106?
-37
What is the value of 91 + (-55 - -43) - 121?
-42
What is (-15 - -60) + -47 + 8 + 14 + -1?
19
7 + (95 - 113 - (-1 - 1))
-9
What is (8 - (-2 + 4)) + (-153 - -187)?
40
What is (191 - (11 + 6) - 44) + -1?
129
What is the value of 27 + (-3 - 11) + -14 + 33 + 8?
40
What is the value of (-5 - (-25 + -2 + 6)) + -4?
12
Evaluate (108 - 112) + -9 + 1 + (-44 - -128).
72
Evaluate -12 + -2 + (8 - 4) + -2 + 2 + 3.
-7
What is 0 + 5 + (-12 - -1) + 20?
14
What is the value of (23 + -52 - 15) + 20 + 79?
55
44 + (-72 - -9) + (7 - 4)
-16
Calculate (1 + (10 + -2 - 3) - (344 + -337)) + -44.
-45
Calculate (-10 - 34) + 41 + -7 + -1 - -36.
25
What is -42 + (6 + (14 - 21) - -16)?
-27
What is (-9 + -10 + 12 + 18 - 15) + -4 + -26?
-34
Calculate 51 + -43 - ((4 - 1) + 0 - 1) - 15.
-9
What is -15 - (49 - (55 - 23 - 26))?
-58
Calculate (-81 - (-14 - 0)) + (7 - -2) + (1 - 1).
-58
Calculate 712 + -696 + -84 + -9 + 0.
-77
What is the value of (30 - -1) + 1074 + -1109?
-4
Calculate (-1 - (-52 + -2)) + (37 - (-47 - -13 - -63)).
61
Evaluate -1 - -11 - (55 - -45 - 58).
-32
Evaluate 1 + -1 + (3332 - 3333).
-1
Calculate (-2 - -3) + 12 + (17 - (-17 - (1 - 14))).
34
Calculate (-14 - -4) + 14 - ((-3 - 1) + 0 - 24).
32
Evaluate (-225 + 78 - -37) + 27.
-83
Evaluate -18 - (-32 - (46 - 68)).
-8
What is (0 - (-73 - -92)) + (77 - (3 + -7))?
62
What is the value of -24 + -15 + 46 + 1?
8
Calculate -158 - -166 - (8 + -81).
81
Evaluate (2844 - 2813) + -135 + -1.
-105
15 + (-19 - 9) + 1 + -1 + 5 + -4
-12
Evaluate (42 - 24 - 67) + -22 - 30.
-101
Calculate -151 - (147 + -303) - (50 - -1).
-46
What is the value of -68 + (-15 - (12 + -34 + (1 - 1)))?
-61
What is the value of 292 - (550 + -250) - (74 - 0)?
-82
1 - -57 - (-4670 - -4779)
-51
What is the value of -56 + 0 + -90 + 124 + -33?
-55
Calculate 0 + 8 - -5 - (0 + 21 + -2).
-6
Calculate 5 - 110 - (-358 - -317).
-64
40 + (-14 - (-123 + 201))
-52
37 - (11 - ((8 - -3) + -13)) - 5
19
21 + -33 + 54 + -1
41
What is (-1969 - -2054) + (-147 - -2)?
-60
Evaluate -209 - -209 - (2 - (10 + 2)) - 42.
-32
Calculate 7 - 16 - (-1 + 2 + -3) - (-39 + 49).
-17
Evaluate -7 - (8 + -2) - (-24 + 64 - 58).
5
188 + -154 - (37 - 39 - (2 + 0))
38
Calculate 129 + -40 + -38 + -27.
24
12 + 16 + (-11 - -23)
40
-1 - (-3 - (2 + -11 + 12 - -1))
6
What is the value of -2 - (-12 + 24 - 11) - -49?
46
Evaluate -37 + (-26 - (-31 - 106)) - 6.
68
Calculate (0 - (-2 + 3) - 24) + 4 - (36 - 47).
-10
Calculate 28 + -35 - (41 - (15 - 24)).
-57
What is the value of 1446 - 1460 - ((2 - -21) + (3 - 3))?
-37
What is (-1201 - -1201 - (-1 - -25)) + 70?
46
(5 - 3 - 25) + 4 + (9 - (18 - 13))
-15
(3 - (-40 - -40)) + -62
-59
Evaluate -27 + 20 + (6 - -8) - 33.
-26
Calculate -36 - (22 - 68) - (1 + 14).
-5
What is -43 - -38 - (-2 + 6) - (42 + 0)?
-51
Evaluate (-6 - 1) + -52 + 65 + 2.
8
What is the value of 16 - (-43 - (70 + -3) - (-10 + -5))?
111
What is the value of -3 + (14 - 2) + (2731 - 2709)?
31
Evaluate (-35 - (25 + -40)) + -10 + (-10 - -1).
-39
What is the value of -15 + (-24 - (-1 - -13)) + 6 - (-1 - 7)?
-37
Calculate (9 + (0 - 8) - (2 + -8 + 0)) + -33.
-26
What is the value of 48 + (-44 - -39) + -39?
4
Evaluate 36 + (47 - 79) + -43.
-39
Evaluate 81 - ((2 - -17) + 2 + 1 + (-1147 - -1135)).
71
(-4 + 3 - 6) + (-40 - -126)
79
What is the value of (-76 + (-1 - -2) - (1233 + -1245)) + 4?
-59
What is the value of 81 + -59 + -23 + 46?
45
(-1 - -28 - 5) + -26 - -9
5
What is -61 - -1 - (169 - 206)?
-23
-7 + -1 + -25 + (-11 - 1) + -1 + -5
-51
Calculate (8 - (-24 + 20 + 1)) + 16 + 0.
27
-4 + (11 - -100) - (9 + 2) - (-5 - -4)
97
Evaluate 13 - 35 - (0 - (-5 - -6)).
-21
What is 10 - ((-23 - (17 + -29)) + -11)?
32
Evaluate -43 + 9 - (-9 + 8 + -10 + 4 - -14).
-41
What is the value of (41 - 51) + -10 - (-3 + -47)?
30
Calculate 8 - (-10 + (-31 - -53) + -3).
-1
-8 + 3 + 131 - (113 + 91 + -203)
125
(-135 - -146 - (-1 - 61)) + -17 - -5
61
(15 - 2) + 2 + -141 + 196
70
Evaluate -17 - (-47 + 27 - -59).
-56
-10 - ((-21 - (20 - (11 + 52))) + -22)
-10
What is (7 - 70) + -4 + (3 - -17)?
-47
What is the value of -29 + -13 + 29 + (-81 - -1)?
-93
Calculate (-13 - (27 + -39) - (-1 - -7)) + 5 + 34.
32
What is the value of 0 - -7